{"id":14747,"date":"2019-12-01T16:48:25","date_gmt":"2019-12-01T16:48:25","guid":{"rendered":"https:\/\/www.tierschutzhof-karlsruhe.de\/TSHKAWP\/?page_id=14747"},"modified":"2025-10-15T10:42:26","modified_gmt":"2025-10-15T10:42:26","slug":"ehrenamtliche-hilfe","status":"publish","type":"page","link":"https:\/\/www.tierschutzhof-karlsruhe.de\/TSHKAWP\/ehrenamtliche-hilfe\/","title":{"rendered":"Ehrenamtliche Hilfe"},"content":{"rendered":"<div id=\"cmsmasters_row_\" class=\"cmsmasters_row cmsmasters_color_scheme_default cmsmasters_row_top_default cmsmasters_row_bot_default cmsmasters_row_boxed\">\n<div class=\"cmsmasters_row_outer_parent\">\n<div class=\"cmsmasters_row_outer\">\n<div class=\"cmsmasters_row_inner\">\n<div class=\"cmsmasters_row_margin\">\n<div id=\"cmsmasters_column_\" class=\"cmsmasters_column one_first\">\n<div class=\"cmsmasters_column_inner\"><div class=\"cmsmasters_text\">\n<header class=\"cmsmasters_post_header entry-header\"><\/header>\n<h2 style=\"text-align: left;\">Wir suchen aktive zuverl\u00e4ssige Helfer<br \/>(keine Gassig\u00e4nger)<\/h2>\n<p>Wir suchen in erster Linie Menschen, die sich vorstellen k\u00f6nnen, nicht nur Gassig\u00e4nger bei uns zu werden, sondern sich auch dar\u00fcber hinaus unter der Woche engagieren m\u00f6chten.<\/p>\n<p>Da wir unser Konzept ge\u00e4ndert haben und haupts\u00e4chlich nur noch Problemhunde aufnehmen, k\u00f6nnen wir das normale Gassigehen bei uns nicht mehr anbieten, da unsere Hunde entsprechend ihrem Vorleben Ruhe und Routine ben\u00f6tigen. Gassi gehen ist da nur ein winziger Teil des Aufgabenbereichs unserer Helfer.<\/p>\n<p>Wir sind gerade dabei ein <strong>solides Stammteam<\/strong> aufzubauen um unseren Hunden eine t\u00e4gliche Routine geben zu k\u00f6nnen. Denn die Tiere brauchen uns, egal ob Montag oder Sonntag ist, Weihnachten oder Silvester.<\/p>\n<p>Da wir auch immer wieder dabei sind, unseren Hof zu optimieren und zu sanieren, suchen wir zudem <strong>handwerkliche Helfer<\/strong>, die in der Lage sind einen Pinsel oder eine Walze in die Hand zu nehmen.<br \/>Wir brauchen Macher, die gerne schrauben, nageln, s\u00e4gen, mauern, die uns helfen zu renovieren, neue Gehege zu bauen, Reparaturen durchf\u00fchren und daf\u00fcr sorgen, dass sich Tier und Mensch hier wohl und sicher f\u00fchlen.<\/p>\n<p><!-- \/wp:paragraph --><\/p>\n<p><!-- wp:paragraph -->Bei den <strong>g\u00e4rtnerischen Helfern<\/strong> sind Spa\u00df, Geduld und Ausdauer gefragt, da diese Arbeit im st\u00e4ndigen Gestaltungswettbewerb mit den Hunden bestritten wird, welche ihre eigene Vorstellung eines Auslaufes haben.<\/p>\n<p>Allrounder sind gefragt, aber auch die Spezialisten. Die Hunde und wir freuen uns \u00fcber Verst\u00e4rkung<\/p>\n<p><!-- \/wp:paragraph --><\/p>\n<\/div>\n<\/div><\/div>\n<\/div>\n<\/div>\n<\/div>\n<\/div>\n<\/div>\n<div id=\"cmsmasters_row_0ko1owq8f6\" class=\"cmsmasters_row cmsmasters_color_scheme_default cmsmasters_row_top_default cmsmasters_row_bot_default cmsmasters_row_boxed\">\n<div class=\"cmsmasters_row_outer_parent\">\n<div class=\"cmsmasters_row_outer\">\n<div class=\"cmsmasters_row_inner\">\n<div class=\"cmsmasters_row_margin\">\n<div id=\"cmsmasters_column_snzg4tz8z\" class=\"cmsmasters_column one_first\">\n<div class=\"cmsmasters_column_inner\"><div class=\"cmsmasters_text\">\n<p><span style=\"text-decoration: underline;\">Infotag f\u00fcr freiwillige Helfer:<\/span> samstags nach schriftlicher Vereinbarung. Schreib einfach eine Mail an <a href=\"mailto:mail@tierschutzhof-karlsruhe.de\">mail@tierschutzhof-karlsruhe.de<\/a> oder<\/p>\n<\/div>\n<\/div><\/div>\n<\/div>\n<\/div>\n<\/div>\n<\/div>\n<\/div>\n<div id=\"cmsmasters_row_6h0oc4tbwa\" class=\"cmsmasters_row cmsmasters_color_scheme_default cmsmasters_row_top_default cmsmasters_row_bot_default cmsmasters_row_boxed\">\n<div class=\"cmsmasters_row_outer_parent\">\n<div class=\"cmsmasters_row_outer\">\n<div class=\"cmsmasters_row_inner\">\n<div class=\"cmsmasters_row_margin\">\n<div id=\"cmsmasters_column_u2y13ibv1\" class=\"cmsmasters_column one_first\">\n<div class=\"cmsmasters_column_inner\"><div id=\"cmsmasters_heading_rzumspqgww\" class=\"cmsmasters_heading_wrap cmsmasters_heading_align_center\">\n\t<h2 class=\"cmsmasters_heading\">Schreib uns eine Nachricht!<\/h2>\n<\/div>\n<div class=\"cmsmasters_contact_form\"><div role=\"form\" class=\"wpcf7\" id=\"wpcf7-f413-o1\" lang=\"de-DE\" dir=\"ltr\">\n<div class=\"screen-reader-response\"><p role=\"status\" aria-live=\"polite\" aria-atomic=\"true\"><\/p> <ul><\/ul><\/div>\n<form action=\"\/TSHKAWP\/wp-json\/wp\/v2\/pages\/14747#wpcf7-f413-o1\" method=\"post\" class=\"wpcf7-form init\" novalidate=\"novalidate\" data-status=\"init\">\n<div style=\"display: none;\">\n<input type=\"hidden\" name=\"_wpcf7\" value=\"413\" \/>\n<input type=\"hidden\" name=\"_wpcf7_version\" value=\"5.4.2\" \/>\n<input type=\"hidden\" name=\"_wpcf7_locale\" value=\"de_DE\" \/>\n<input type=\"hidden\" name=\"_wpcf7_unit_tag\" value=\"wpcf7-f413-o1\" \/>\n<input type=\"hidden\" name=\"_wpcf7_container_post\" value=\"0\" \/>\n<input type=\"hidden\" name=\"_wpcf7_posted_data_hash\" value=\"\" \/>\n<\/div>\n<p><label> Dein Name (ben\u00f6tigt)<br \/>\n    <span class=\"wpcf7-form-control-wrap dein-name\"><input type=\"text\" name=\"dein-name\" value=\"\" size=\"40\" class=\"wpcf7-form-control wpcf7-text wpcf7-validates-as-required\" aria-required=\"true\" aria-invalid=\"false\" \/><\/span> <\/label><\/p>\n<p><label> Deine Email Adresse (ben\u00f6tigt)<br \/>\n    <span class=\"wpcf7-form-control-wrap deine-email\"><input type=\"email\" name=\"deine-email\" value=\"\" size=\"40\" class=\"wpcf7-form-control wpcf7-text wpcf7-email wpcf7-validates-as-required wpcf7-validates-as-email\" aria-required=\"true\" aria-invalid=\"false\" \/><\/span> <\/label><\/p>\n<p><label> Betreff<br \/>\n    <span class=\"wpcf7-form-control-wrap dein-betreff\"><input type=\"text\" name=\"dein-betreff\" value=\"\" size=\"40\" class=\"wpcf7-form-control wpcf7-text\" aria-invalid=\"false\" \/><\/span> <\/label><\/p>\n<p><label> Deine Nachricht<br \/>\n    <span class=\"wpcf7-form-control-wrap deine-nachricht\"><textarea name=\"deine-nachricht\" cols=\"40\" rows=\"10\" class=\"wpcf7-form-control wpcf7-textarea\" aria-invalid=\"false\"><\/textarea><\/span> <\/label><\/p>\n<p><input type=\"submit\" value=\"Senden\" class=\"wpcf7-form-control wpcf7-submit\" \/><\/p>\n<div class=\"wpcf7-response-output\" aria-hidden=\"true\"><\/div><\/form><\/div><\/div>\n<\/div><\/div>\n<\/div>\n<\/div>\n<\/div>\n<\/div>\n<\/div>\n","protected":false},"excerpt":{"rendered":"","protected":false},"author":29,"featured_media":0,"parent":0,"menu_order":0,"comment_status":"closed","ping_status":"closed","template":"","meta":[],"_links":{"self":[{"href":"https:\/\/www.tierschutzhof-karlsruhe.de\/TSHKAWP\/wp-json\/wp\/v2\/pages\/14747"}],"collection":[{"href":"https:\/\/www.tierschutzhof-karlsruhe.de\/TSHKAWP\/wp-json\/wp\/v2\/pages"}],"about":[{"href":"https:\/\/www.tierschutzhof-karlsruhe.de\/TSHKAWP\/wp-json\/wp\/v2\/types\/page"}],"author":[{"embeddable":true,"href":"https:\/\/www.tierschutzhof-karlsruhe.de\/TSHKAWP\/wp-json\/wp\/v2\/users\/29"}],"replies":[{"embeddable":true,"href":"https:\/\/www.tierschutzhof-karlsruhe.de\/TSHKAWP\/wp-json\/wp\/v2\/comments?post=14747"}],"version-history":[{"count":22,"href":"https:\/\/www.tierschutzhof-karlsruhe.de\/TSHKAWP\/wp-json\/wp\/v2\/pages\/14747\/revisions"}],"predecessor-version":[{"id":20164,"href":"https:\/\/www.tierschutzhof-karlsruhe.de\/TSHKAWP\/wp-json\/wp\/v2\/pages\/14747\/revisions\/20164"}],"wp:attachment":[{"href":"https:\/\/www.tierschutzhof-karlsruhe.de\/TSHKAWP\/wp-json\/wp\/v2\/media?parent=14747"}],"curies":[{"name":"wp","href":"https:\/\/api.w.org\/{rel}","templated":true}]}}