{"id":17521,"date":"2021-04-02T18:36:41","date_gmt":"2021-04-02T18:36:41","guid":{"rendered":"https:\/\/www.tierschutzhof-karlsruhe.de\/TSHKAWP\/?page_id=17521"},"modified":"2025-05-16T09:39:28","modified_gmt":"2025-05-16T09:39:28","slug":"notrufnummern","status":"publish","type":"page","link":"https:\/\/www.tierschutzhof-karlsruhe.de\/TSHKAWP\/notrufnummern\/","title":{"rendered":"Notrufnummern"},"content":{"rendered":"<div id=\"cmsmasters_row_qrnyovw3s7\" class=\"cmsmasters_row cmsmasters_color_scheme_default cmsmasters_row_top_default cmsmasters_row_bot_default cmsmasters_row_boxed\">\n<div class=\"cmsmasters_row_outer_parent\">\n<div class=\"cmsmasters_row_outer\">\n<div class=\"cmsmasters_row_inner\">\n<div class=\"cmsmasters_row_margin\">\n<div id=\"cmsmasters_column_sn9u780y2p\" class=\"cmsmasters_column one_first\">\n<div class=\"cmsmasters_column_inner\">\n<div id=\"cmsmasters_divider_ynfkjq21k\" class=\"cmsmasters_divider cmsmasters_divider_width_long cmsmasters_divider_pos_center\"><\/div>\n<\/div><\/div>\n<\/div>\n<\/div>\n<\/div>\n<\/div>\n<\/div>\n<div id=\"cmsmasters_row_f0mfjlihf\" class=\"cmsmasters_row cmsmasters_color_scheme_default cmsmasters_row_top_default cmsmasters_row_bot_default cmsmasters_row_boxed\">\n<div class=\"cmsmasters_row_outer_parent\">\n<div class=\"cmsmasters_row_outer\">\n<div class=\"cmsmasters_row_inner\">\n<div class=\"cmsmasters_row_margin\">\n<div id=\"cmsmasters_column_pvx9db01l\" class=\"cmsmasters_column one_first\">\n<div class=\"cmsmasters_column_inner\"><div class=\"cmsmasters_text\">\n<p style=\"text-align: left;\"><strong>Wichtige Telefonnummern f\u00fcr den Bereich Karlsruhe<\/strong><\/p>\n<p><span style=\"font-weight: 400;\">Leider gibt es f\u00fcr Karlsruhe keine vern\u00fcnftige Liste der f\u00fcr Tiernotf\u00e4lle zust\u00e4ndigen Institutionen.<\/span><span style=\"font-weight: 400;\"><br \/>\n<\/span><span style=\"font-weight: 400;\">Wir haben mal die wichtigsten Nummern zusammengetragen und hier auf unserer Seite ver\u00f6ffentlicht.<\/span><span style=\"font-weight: 400;\"><br \/>\n<\/span><span style=\"font-weight: 400;\">Sollte Euch noch eine wichtige Nummer f\u00fcr kompetente Hilfe einfallen, d\u00fcrft Ihr uns gerne eine Mail schreiben. mail@tierschutzhof-karlsruhe.de<\/span><span style=\"font-weight: 400;\"><br \/>\n<\/span><span style=\"font-weight: 400;\"><br \/>\n<\/span><strong>Polizei: <\/strong> 110<span style=\"font-weight: 400;\"><br \/>\n<\/span><span style=\"font-weight: 400;\">Unf\u00e4lle mit Wildtieren, Alarmierung Jagdp\u00e4chter, Tiere in Not<\/span><span style=\"font-weight: 400;\"><br \/>\n<\/span><span style=\"font-weight: 400;\"><br \/>\n<\/span><strong>Feuerwehr: <\/strong> <span style=\"font-weight: 400;\">112<\/span><span style=\"font-weight: 400;\"><br \/>\n<\/span><span style=\"font-weight: 400;\">Tiere in lebensbedrohlicher Situation<\/span><span style=\"font-weight: 400;\"><br \/>\n<\/span><span style=\"font-weight: 400;\"><br \/>\n<\/span><strong>Kleintierklinik Ettlingen: <\/strong> <span style=\"font-weight: 400;\">07243 77977<\/span><span style=\"font-weight: 400;\"><br \/>\n<\/span><span style=\"font-weight: 400;\">24 Stunden ge\u00f6ffnet<\/span><span style=\"font-weight: 400;\"><br \/>\n<\/span><span style=\"font-weight: 400;\"><br \/>\n<\/span><strong>Tier\u00e4rztlicher Notdienst: <\/strong> <span style=\"font-weight: 400;\">0721 49 55 66<\/span><span style=\"font-weight: 400;\"><br \/>\n<\/span><span style=\"font-weight: 400;\">Bandansage, diensthabender Tierarzt. Rund um die Uhr<\/span> <span style=\"font-weight: 400;\"><br \/>\n<\/span><span style=\"font-weight: 400;\"><br \/>\n<\/span><strong>Veterin\u00e4ramt der Stadt Karlsruhe: <\/strong> <span style=\"font-weight: 400;\">0721 133 7101<\/span><span style=\"font-weight: 400;\"><br \/>\n<\/span><span style=\"font-weight: 400;\">Meldung Tierschutzrechtlicher Bedenken und Beobachtungen <\/span><span style=\"font-weight: 400;\"><br \/>\n<\/span><span style=\"font-weight: 400;\">innerhalb des Stadtgebietes<\/span><span style=\"font-weight: 400;\"><br \/>\n<\/span><span style=\"font-weight: 400;\">Mo- Do:\u00a0 8.30 Uhr \u2013 15.30 Uhr \/ Fr:\u00a0 8.30 Uhr \u2013 12.30 Uhr<\/span><span style=\"font-weight: 400;\"><br \/>\n<\/span><span style=\"font-weight: 400;\"><br \/>\n<\/span><strong>Veterin\u00e4ramt des Landkreises Karlsruhe: <\/strong> <span style=\"font-weight: 400;\">0721 93 68 30 20<\/span><span style=\"font-weight: 400;\"><br \/>\n<\/span><span style=\"font-weight: 400;\">Meldung Tierschutzrechtlicher Bedenken und Beobachtungen <\/span><span style=\"font-weight: 400;\"><br \/>\n<\/span><span style=\"font-weight: 400;\">im Landkreis<\/span><span style=\"font-weight: 400;\"><br \/>\n<\/span><span style=\"font-weight: 400;\">Mo \u2013 Do: 7.30 Uhr \u2013 17.00 Uhr \/ Fr: 7.30 Uhr \u2013 13.00 Uhr<\/span><\/p>\n<p><span style=\"font-weight: 400;\"><strong>Taubennotfallgruppe Deutschland weit<\/strong><br \/>\n<a href=\"https:\/\/www.facebook.com\/groups\/223203588124951\/?ref=share\">https:\/\/www.facebook.com\/groups\/223203588124951\/?ref=share<\/a><br \/>\n<\/span><\/p>\n<p><strong>Tierheim Karlsruhe:<\/strong> 0721 950 780<br \/>\nAufnahme, Pflege und Weitervermittlung von Fund- oder Abgabetieren<\/p>\n<p><strong>Tierheim Ettlingen:<\/strong> 07243 93612<br \/>\nAufnahme, Pflege und Weitervermittlung von Fund- oder Abgabetieren<br \/>\n<span style=\"font-weight: 400;\"><br \/>\n<\/span><strong>Tier- Taxi- Zentrale: <\/strong> <span style=\"font-weight: 400;\">01520 433 57 81<\/span><span style=\"font-weight: 400;\"><br \/>\n<\/span><span style=\"font-weight: 400;\">Tiertransport und Tierrettung rund um die Uhr<\/span><span style=\"font-weight: 400;\"><br \/>\n<\/span><span style=\"font-weight: 400;\"><br \/>\n<\/span><strong>atoPET:<\/strong> <span style=\"font-weight: 400;\">01573 4417811<\/span><span style=\"font-weight: 400;\"><br \/>\n<\/span><span style=\"font-weight: 400;\">Tierbestattung rund um die Uhr<\/span><\/p>\n<\/div>\n<\/div><\/div>\n<\/div>\n<\/div>\n<\/div>\n<\/div>\n<\/div>\n\n","protected":false},"excerpt":{"rendered":"","protected":false},"author":4,"featured_media":0,"parent":0,"menu_order":0,"comment_status":"closed","ping_status":"closed","template":"","meta":[],"_links":{"self":[{"href":"https:\/\/www.tierschutzhof-karlsruhe.de\/TSHKAWP\/wp-json\/wp\/v2\/pages\/17521"}],"collection":[{"href":"https:\/\/www.tierschutzhof-karlsruhe.de\/TSHKAWP\/wp-json\/wp\/v2\/pages"}],"about":[{"href":"https:\/\/www.tierschutzhof-karlsruhe.de\/TSHKAWP\/wp-json\/wp\/v2\/types\/page"}],"author":[{"embeddable":true,"href":"https:\/\/www.tierschutzhof-karlsruhe.de\/TSHKAWP\/wp-json\/wp\/v2\/users\/4"}],"replies":[{"embeddable":true,"href":"https:\/\/www.tierschutzhof-karlsruhe.de\/TSHKAWP\/wp-json\/wp\/v2\/comments?post=17521"}],"version-history":[{"count":6,"href":"https:\/\/www.tierschutzhof-karlsruhe.de\/TSHKAWP\/wp-json\/wp\/v2\/pages\/17521\/revisions"}],"predecessor-version":[{"id":20097,"href":"https:\/\/www.tierschutzhof-karlsruhe.de\/TSHKAWP\/wp-json\/wp\/v2\/pages\/17521\/revisions\/20097"}],"wp:attachment":[{"href":"https:\/\/www.tierschutzhof-karlsruhe.de\/TSHKAWP\/wp-json\/wp\/v2\/media?parent=17521"}],"curies":[{"name":"wp","href":"https:\/\/api.w.org\/{rel}","templated":true}]}}