{"id":18073,"date":"2021-10-17T13:10:33","date_gmt":"2021-10-17T13:10:33","guid":{"rendered":"https:\/\/www.tierschutzhof-karlsruhe.de\/TSHKAWP\/?page_id=18073"},"modified":"2024-08-15T16:49:59","modified_gmt":"2024-08-15T16:49:59","slug":"tierschutzhofzukunft","status":"publish","type":"page","link":"https:\/\/www.tierschutzhof-karlsruhe.de\/TSHKAWP\/tierschutzhofzukunft\/","title":{"rendered":"Die Zukunft des Tierschutzhofes"},"content":{"rendered":"<div id=\"cmsmasters_row_rm5oxlnotj\" class=\"cmsmasters_row cmsmasters_color_scheme_default cmsmasters_row_top_default cmsmasters_row_bot_default cmsmasters_row_boxed\">\n<div class=\"cmsmasters_row_outer_parent\">\n<div class=\"cmsmasters_row_outer\">\n<div class=\"cmsmasters_row_inner\">\n<div class=\"cmsmasters_row_margin\">\n<div id=\"cmsmasters_column_iv0yc7jpxt\" class=\"cmsmasters_column one_first\">\n<div class=\"cmsmasters_column_inner\"><div id=\"cmsmasters_heading_oe0rn3awi7\" class=\"cmsmasters_heading_wrap cmsmasters_heading_align_center\">\n\t<h4 class=\"cmsmasters_heading\">Hier ver\u00f6ffentlichen wir alle aktuellen Dokumente und Neuigkeiten.<\/h4>\n<\/div><div class=\"cmsmasters_text\">\n<p style=\"text-align: center;\">Hinweis: Um direkt zu dem neusten Beitrag gebracht zu werden reicht ein klick auf das Feld &#8222;Datum&#8220;<\/p>\n<\/div>\n<\/div><\/div>\n<\/div>\n<\/div>\n<\/div>\n<\/div>\n<\/div>\n<div id=\"cmsmasters_row_y051j29jqj\" class=\"cmsmasters_row cmsmasters_color_scheme_default cmsmasters_row_top_default cmsmasters_row_bot_default cmsmasters_row_boxed\">\n<div class=\"cmsmasters_row_outer_parent\">\n<div class=\"cmsmasters_row_outer\">\n<div class=\"cmsmasters_row_inner\">\n<div class=\"cmsmasters_row_margin\">\n<div id=\"cmsmasters_column_u9c1vp64zs\" class=\"cmsmasters_column one_first\">\n<div class=\"cmsmasters_column_inner\"><div class=\"cmsmasters_text\">\n<p>UpDate 19.07.2024<br \/>\nVielen ist es bereits bekannt, \u2026<br \/>\n<strong>Die Zukunft des Tierschutzhof Karlsruhe ist gesichert.<\/strong><\/p>\n<p>Es war ein langer Kampf zwischen dem Bauordnungsamt und dem Tierschutzhof Karlsruhe, wobei die Anstrengungen sehr unfair verteilt waren.<br \/>\nW\u00e4hrend es f\u00fcr die Beh\u00f6rde lediglich ein Vorgang war, wie viele andere auch, haben wir hier extreme Existenz\u00e4ngste durchgestanden. \u00c4ngste die man niemandem w\u00fcnscht, da diese die Psyche extrem belastet haben.<br \/>\nIch als depressiver Mensch habe dies auch als extreme K\u00f6rperverletzung empfunden, aber dies interessiert in unserer Gesellschaft niemanden.<br \/>\nF\u00fcr die Einen ein \u201eVorgang mit einer Nummer\u201c den man nach Feierabend getrost im B\u00fcro l\u00e4sst, f\u00fcr die Betroffenen ein lebensbedrohlicher Zustand.<\/p>\n<p>Genug angeklagt.<\/p>\n<p>Auf jeden Fall haben wir nach einem zweij\u00e4hrigen Kampf, einen guten Kompromiss finden k\u00f6nnen,<br \/>\ndenn der Tierschutzhof Karlsruhe ist mit all den \u201eangeblich\u201c illegalen Bauten bis zur Neuauslegung des geltenden Bebauungsplan im Lohwiesenweg 16 geduldet.<br \/>\nDiese Neuauslegung kann noch viele Jahre in Anspruch nehmen und soll zu Gunsten des Tierschutzes und des Tierschutzhofes ausgelegt werden.<br \/>\nSo k\u00f6nnen wir nun endlich den Bestand auf dem Grundst\u00fcck sch\u00fctzen und sanieren, um weiter f\u00fcr den Schutz der Tiere bereit zu sein.<\/p>\n<p>Auch gegen\u00fcber unserem Vermieter sind wir nun in einer starken Position, denn sollte der Tierschutzhof Karlsruhe dieses Grundst\u00fcck verlassen, muss sofort alles zur\u00fcck gebaut und renaturiert werden, da die Duldung von unserem Bestehen als Tierschutzhof Karlsruhe und unserer Arbeit abh\u00e4ngig ist.<\/p>\n<p>Unser gro\u00dfes Dankesch\u00f6n geht hierbei an die Fraktion der FDP Karlsruhe Stadt, die bis zum jetzt geltenden Duldungsvertrag hinter uns gestanden ist und an unserer Seite gek\u00e4mpft hat.<br \/>\nVielen Dank auch an \u201edie Gr\u00fcnen\u201c und die \u201efreien W\u00e4hler\u201c die unserem Problem offen gegen\u00fcber standen.<br \/>\nSW<\/p>\n<p>Die Zukunft des Tierschutzhof Karlsruhe ist gef\u00e4hrdet<\/p>\n<p><strong>Auch wir reihen uns ein, in das Schicksal so vieler tierheim\u00e4hnlicher Einrichtungen<\/strong><\/p>\n<p>ca. 1 1\/2 Jahre ist es nun her, dass wir von unserem Vermieter das Grundst\u00fcck, auf dem wir unseren Tierschutzhof betreiben, zum Kauf angeboten bekamen.<br data-rich-text-line-break=\"true\" \/>Eigentlich ein Grund zum Feiern, so hatten wir immer den Wunsch, unseren Tierschutzhof, ein kleines Paradies f\u00fcr geschundene menschliche und tierische Seelen, zu perfektionieren.<br data-rich-text-line-break=\"true\" \/>M\u00f6glichkeiten dies zu tun sind auf diesem Grundst\u00fcck auch zahlreich vorhanden und w\u00e4re auch sehr umweltschonend und im Einklang zu unserer Umgebung durchzuf\u00fchren gewesen.<br data-rich-text-line-break=\"true\" \/><br data-rich-text-line-break=\"true\" \/>Lange haben wir versucht, genauere Informationen zum rechtlichen Stand des Grundst\u00fccks von unserem Vermieter zu erhalten, doch leider bekamen wir auf unsere zahlreichen Schreiben nie eine Antwort. Lediglich der Kaufpreis, ein sehr hoher f\u00fcnfstelliger Betrag wurde uns in einem Telefongespr\u00e4ch genannt. Auf unsere Fragen wurde zu keinem Zeitpunkt eingegangen.<br data-rich-text-line-break=\"true\" \/>Da das Interesse an diesem Standort von unserer Seite sehr hoch war\/ist, haben wir beschlossen, unseren Oberb\u00fcrgermeister der Stadt Karlsruhe, Herrn Dr. Frank Mentrup, anzuschreiben.<br data-rich-text-line-break=\"true\" \/>In einem langen Brief haben wir Ihm unsere Probleme geschildert und gezielte Fragen, was die rechtlichen Dinge des Grundst\u00fcckes betreffen, gestellt.<br data-rich-text-line-break=\"true\" \/><br data-rich-text-line-break=\"true\" \/>Vor kurzem haben wir nun eine Antwort erhalten, die unsere Hoffnungen auf eine solide Existenz des Tierschutzhofes an diesem Standort zerst\u00f6rte.<br data-rich-text-line-break=\"true\" \/>So erhielten wir ein umfangreiches Schreiben vom Bauordnungsamt der Stadt Karlsruhe.<br data-rich-text-line-break=\"true\" \/>Sehr sorgf\u00e4ltig wurden in diesem Schreiben alle unsere Frage beantwortet. Fragen, deren Beantwortung wir eigentlich von unserem Vermieter erwartet h\u00e4tten. So wu\u00dfte dieser schon lange von diesen rechtlichen Problemen, hat diese aber uns gegen\u00fcber immer klein geredet.<br data-rich-text-line-break=\"true\" \/>&#8222;Der betrieb eines Tierschutzhofes ist aus vielerlei baurechtlichen Gr\u00fcnden am jetzigen Standort nicht m\u00f6glich&#8220;<br data-rich-text-line-break=\"true\" \/>So bitter das Schreiben des Bauordnungsamtes auch ist, \u2026 aber wir sind dankbar, die entsprechenden Informationen bekommen zu haben. \u00a0Nun k\u00f6nnen wir uns neu sortieren und beginnen mit der Suche nach einem neuen Standort.<br data-rich-text-line-break=\"true\" \/><br data-rich-text-line-break=\"true\" \/>Daher geht unser Dank auch \u00f6ffentlich an unseren Oberb\u00fcrgermeister, Herrn Dr. Frank Mentrup und das Bauordnungsamt der Stadt Karlsruhe.<br data-rich-text-line-break=\"true\" \/><br data-rich-text-line-break=\"true\" \/>Nun ist es an der Zeit neue Pl\u00e4ne zu schmieden und nach einem neuen Gel\u00e4nde f\u00fcr unsere Einrichtung zu suchen. Klar m\u00f6chten wir in Karlsruhe bleiben, aber es ist auch m\u00f6glich, dass wir Karlsruhe den R\u00fccken kehren m\u00fcssen, wenn es in unserer Stadt keinen Platz f\u00fcr den Tierschutzhof gibt.<br data-rich-text-line-break=\"true\" \/><br data-rich-text-line-break=\"true\" \/>Von daher, haltet bitte Eure Augen und Ohren offen, nutzt eventuelle Kontakte, denn wir suchen was Neues. Teilt bitte unseren Beitrag, damit unsere Sorgen viele Menschen erreichen.<br data-rich-text-line-break=\"true\" \/>Wir suchen 3000 \u2013 4000 m\u00b2 Grundst\u00fccksfl\u00e4che mit Wohnbebauung, Strom, Wasser- Abwasser, Telefon zum Mietkauf oder Einmietung, alte G\u00e4rtnereien, Betriebsh\u00f6fe, Betriebsgel\u00e4nde, land- oder forstwirtschaftliche Fl\u00e4chen, kleine Reiterh\u00f6fe, Tierparks in finanziellen Schwierigkeiten wo wir rein schlupfen k\u00f6nnten, wir m\u00f6chten einfach alles pr\u00fcfen.<br data-rich-text-line-break=\"true\" \/>Auch alte Liegenschaften der Deutschen Bahn w\u00e4ren interessant.<br data-rich-text-line-break=\"true\" \/><br data-rich-text-line-break=\"true\" \/>Wichtig sind auch Sponsoren, denn es k\u00f6nnten hohe Kosten auf uns zukommen.<br data-rich-text-line-break=\"true\" \/>M\u00f6glicherweise stecken ja in einem Neubeginn unerwartete M\u00f6glichkeiten.<br data-rich-text-line-break=\"true\" \/>Ideen haben wir, die unter Umst\u00e4nden f\u00fcr Investoren interessant sein k\u00f6nnten.<br data-rich-text-line-break=\"true\" \/><br data-rich-text-line-break=\"true\" \/>Wenn Ihr auch Ideen habt, sprecht uns an. Wir brauchen nun dringend Eure Hilfe, Hilfe von Menschen die sich mit einer solchen Problematik auskennen.<br data-rich-text-line-break=\"true\" \/><br data-rich-text-line-break=\"true\" \/>Selbstverst\u00e4ndlich l\u00e4uft die Arbeit bei uns auf dem Tierschutzhof wie gewohnt weiter. <br data-rich-text-line-break=\"true\" \/>Da wir nicht wissen, wie lange wir brauchen um ein neues Domizil zu finden, werden selbstverst\u00e4ndlich alle notwendigen Arbeiten und Sanierungen weiterhin durchgef\u00fchrt.<br data-rich-text-line-break=\"true\" \/>Die Situation wird nicht dazu f\u00fchren, dass unsere Sch\u00fctzlinge Einbu\u00dfen haben werden, denn das Wohl unserer Tiere ist uns das Wichtigste.<br data-rich-text-line-break=\"true\" \/>Auch geht bei einem Umzug nur sehr wenig unserer Investitionen verloren. So wurde von Anfang an darauf geachtet, dass wir Z\u00e4une und Gehege zur\u00fcckbauen k\u00f6nnen, damit diese an einem anderen Standort wieder eingesetzt werden k\u00f6nnen, denn ein komisches Gef\u00fchl hat uns schon lange begleitet.<br data-rich-text-line-break=\"true\" \/><br data-rich-text-line-break=\"true\" \/>So gr\u00fc\u00dfen wir Euch herzlich und hilfesuchend<br data-rich-text-line-break=\"true\" \/>Stephan Winterhoff und das ganze Team<\/p>\n<\/div>\n<\/div><\/div>\n<\/div>\n<\/div>\n<\/div>\n<\/div>\n<\/div>\n<div id=\"cmsmasters_row_v9w37xsq\" class=\"cmsmasters_row cmsmasters_color_scheme_default cmsmasters_row_top_default cmsmasters_row_bot_default cmsmasters_row_boxed\">\n<div class=\"cmsmasters_row_outer_parent\">\n<div class=\"cmsmasters_row_outer\">\n<div class=\"cmsmasters_row_inner\">\n<div class=\"cmsmasters_row_margin\">\n<div id=\"cmsmasters_column_04glkkus8s\" class=\"cmsmasters_column one_first\">\n<div class=\"cmsmasters_column_inner\"><div class=\"cmsmasters_text\">\n<table id=\"posts-table-1\" class=\"posts-data-table\" data-page-length=\"20\" data-paging=\"false\" data-order='[[1, \"asc\"]]' data-click-filter=\"true\" data-scroll-offset=\"15\" cellspacing=\"0\" width=\"100%\"><thead><tr><th data-name=\"title\" data-priority=\"1\" data-width=\"\">Titel<\/th><th data-name=\"date\" data-priority=\"2\" data-width=\"\" data-order-data=\"2\">Datum<\/th><th data-name=\"timestamp\" data-visible=\"false\"><\/th><\/tr><\/thead><tbody><tr><td><a href=\"https:\/\/www.tierschutzhof-karlsruhe.de\/TSHKAWP\/update-zu-unseren-existenzproblemen\/\">Die Zukunft des Tierschutzhof Karlsruhe ist gesichert.<\/a><\/td><td>2022\/02\/23<\/td><td>2022-02-23 17:33:17<\/td><\/tr><tr><td><a href=\"https:\/\/www.tierschutzhof-karlsruhe.de\/TSHKAWP\/besuchpetralorenz\/\">Besuch der Stadtr\u00e4tin Petra Lorenz<\/a><\/td><td>2022\/02\/04<\/td><td>2022-02-04 11:41:30<\/td><\/tr><tr><td><a href=\"https:\/\/www.tierschutzhof-karlsruhe.de\/TSHKAWP\/besuch-der-gruenen-fraktion-des-karlsruher-stadtrat\/\">Besuch der Gr\u00fcnen Fraktion des Karlsruher Stadtrat<\/a><\/td><td>2022\/01\/13<\/td><td>2022-01-13 14:26:24<\/td><\/tr><tr><td><a href=\"https:\/\/www.tierschutzhof-karlsruhe.de\/TSHKAWP\/5-fraktion-bm\/\">5. Reaktionen der Fraktionen und Reaktion der (Dezernate) B\u00fcrgermeister<\/a><\/td><td>2021\/12\/15<\/td><td>2021-12-15 01:00:25<\/td><\/tr><tr><td><a href=\"https:\/\/www.tierschutzhof-karlsruhe.de\/TSHKAWP\/1-vemierter-mn-2\/\">4. Schreiben an die Fraktionen<\/a><\/td><td>2021\/12\/14<\/td><td>2021-12-14 23:00:38<\/td><\/tr><tr><td><a href=\"https:\/\/www.tierschutzhof-karlsruhe.de\/TSHKAWP\/3-liegenschaftsamt\/\">3. Schreiben an Liegenschaftsamt<\/a><\/td><td>2021\/12\/14<\/td><td>2021-12-14 22:00:16<\/td><\/tr><tr><td><a href=\"https:\/\/www.tierschutzhof-karlsruhe.de\/TSHKAWP\/2-buergermeister-antwort\/\">2. Schreiben an den B\u00fcrgermeister und die Antwort des Bauordnungsamtes<\/a><\/td><td>2021\/12\/14<\/td><td>2021-12-14 21:00:42<\/td><\/tr><tr><td><a href=\"https:\/\/www.tierschutzhof-karlsruhe.de\/TSHKAWP\/1-vemierter-mn\/\">1. Schreiben an den Vermieter und an MN<\/a><\/td><td>2021\/12\/14<\/td><td>2021-12-14 20:00:48<\/td><\/tr><\/tbody><\/table>\n<\/div>\n<\/div><\/div>\n<\/div>\n<\/div>\n<\/div>\n<\/div>\n<\/div>\n\n","protected":false},"excerpt":{"rendered":"","protected":false},"author":4,"featured_media":0,"parent":0,"menu_order":0,"comment_status":"closed","ping_status":"closed","template":"","meta":[],"_links":{"self":[{"href":"https:\/\/www.tierschutzhof-karlsruhe.de\/TSHKAWP\/wp-json\/wp\/v2\/pages\/18073"}],"collection":[{"href":"https:\/\/www.tierschutzhof-karlsruhe.de\/TSHKAWP\/wp-json\/wp\/v2\/pages"}],"about":[{"href":"https:\/\/www.tierschutzhof-karlsruhe.de\/TSHKAWP\/wp-json\/wp\/v2\/types\/page"}],"author":[{"embeddable":true,"href":"https:\/\/www.tierschutzhof-karlsruhe.de\/TSHKAWP\/wp-json\/wp\/v2\/users\/4"}],"replies":[{"embeddable":true,"href":"https:\/\/www.tierschutzhof-karlsruhe.de\/TSHKAWP\/wp-json\/wp\/v2\/comments?post=18073"}],"version-history":[{"count":47,"href":"https:\/\/www.tierschutzhof-karlsruhe.de\/TSHKAWP\/wp-json\/wp\/v2\/pages\/18073\/revisions"}],"predecessor-version":[{"id":19818,"href":"https:\/\/www.tierschutzhof-karlsruhe.de\/TSHKAWP\/wp-json\/wp\/v2\/pages\/18073\/revisions\/19818"}],"wp:attachment":[{"href":"https:\/\/www.tierschutzhof-karlsruhe.de\/TSHKAWP\/wp-json\/wp\/v2\/media?parent=18073"}],"curies":[{"name":"wp","href":"https:\/\/api.w.org\/{rel}","templated":true}]}}